t i(l) = 4*l + 1. Let t(k) = 9*k + 2. Let u(z) = 7*i(z) - 4*t(z). Give u(-1).
7
Let q = 4 + -4. Suppose q = 5*o - 11 - 14. Suppose 2*f - 12 = o*f. Let z(k) = k**3 + 4*k**2 - k - 1. What is z(f)?
3
Let p = -1 + 1. Let z = p + 2. Let k(q) be the first derivative of -q**3/3 + 2*q - 10. Calculate k(z).
-2
Let n(v) = v**2. Let q(m) = -5*m**2 + 4*m + 8. Let r(s) = 4*n(s) + q(s). Calculate r(6).
-4
Let f(d) be the first derivative of -d**3/3 + 3*d**2 + 4*d - 1. Let r = -12 - -17. What is f(r)?
9
Let m(t) be the second derivative of -t**5/20 + t**4/2 - t**3/3 + 7*t**2/2 + 7*t. What is m(6)?
-5
Let q(y) = -9*y - 3. Let d(v) = 25*v + 8. Let o(p) = -4*d(p) - 11*q(p). Give o(-4).
5
Let d be 7*1/(21/(-6)). Let b(n) = n + 1. Calculate b(d).
-1
Let t be (-4)/(-2)*5/2. Let j(o) be the first derivative of 10 + 3*o - 1/2*o**2. Give j(t).
-2
Let a(r) = 1 - r**2 - 4*r - 1 - 3. Suppose 4*z + 3*y = -5, -4*z - 3*y - 12 = -7*y. Determine a(z).
1
Let a(v) = -7*v**3 + v**2 - 1. Let y(m) = m**3 + m**2 + 1. Let l = 4 + -2. Suppose -l*b = 3*b. Let z be y(b). Give a(z).
-7
Let n be ((-10)/(-4))/((-3)/6). Let k be n/(-10) + (-1)/2. Let i(b) = b - 10. Give i(k).
-10
Suppose 3*l = -m + 2, 0*l - 5*l = -2*m - 18. Let h(c) = -5 + 5*c - 6*c**2 - 2*c + 15*c**2 - 8*c**2. What is h(m)?
-1
Suppose 0 = -0*s + 2*s. Let z(w) be the third derivative of w**6/720 - w**5/60 + w**4/12 - w**2. Let p(u) be the second derivative of z(u). What is p(s)?
-2
Let a(b) = b**2 - 6*b - 7. Let f be a(7). Let g(d) = f*d - d**3 + 0*d + 7 - 3*d + 5*d**2 + 2*d. Give g(5).
2
Suppose -3*l + 2*l = 6. Let a(r) = -5*r**2 + 7*r - 3. Let k(q) = 14*q**2 - 21*q + 8. Let o(n) = -17*a(n) - 6*k(n). Calculate o(l).
-3
Let k(l) = -l + 4. Let s = 52 - 37. Suppose 0 = a + 4*g + s, -5*a = g - 4*g + 6. Let h(t) = -3*t + 12. Let v(q) = a*h(q) + 8*k(q). What is v(4)?
0
Let b(l) = 11*l - 1. Let c(f) = 6*f + 15*f - 22*f. Let n(i) = -b(i) - 6*c(i). What is n(1)?
-4
Let u = 1 - 1. Let j be u + 3/((-3)/(-2)). Let r(o) = -o**3 - 3 - 9*o - 6*o**j + 4 + 3*o. Give r(-5).
6
Let c(z) = -7*z**2 + 2 + 8*z**2 - z - 9. Determine c(0).
-7
Let q(z) be the second derivative of 1/6*z**3 + z**2 - z + 0. Let f(v) = v**3 - 4*v**2 - 4*v - 10. Let p be f(5). Calculate q(p).
-3
Let g = 33 + -32. Let w(n) be the third derivative of -n**6/30 + n**4/24 - n**2. Determine w(g).
-3
Let l(u) be the first derivative of -u**4/4 - 5*u**3/3 - u**2/2 + 2*u - 1. Calculate l(-5).
7
Let u(r) = 4*r**2 + r + 1. Let l(b) = -b**3 + 5*b**2 + 7*b - 8. Let c be l(6). Let f be ((-4)/c)/(2/(-1)). Calculate u(f).
4
Let h(r) = -r**3 + 2*r**2 + 2. Let p be h(2). Suppose -3*u - 6 = -9. Let l(i) = -5 + u + i - p*i. Determine l(-3).
-1
Let s(i) = -3*i**2 + 5*i + 6. Let a(h) = -8*h**2 + 14*h + 17. Let q(y) = 4*a(y) - 11*s(y). Give q(-3).
8
Let m(b) = -b - 2. Let s be m(-5). Let y(c) = 13*c**s - 1 + 5*c**2 - c**2 - 14*c**3. Give y(3).
8
Let b(x) be the second derivative of 1/12*x**4 + 7/6*x**3 + 4*x + 0 + 2*x**2. Calculate b(-6).
-2
Let b(i) = i**3 - 13*i**2 + 11*i + 6. Let f be b(12). Let d = f + 6. Suppose -3*j + d*j = 3. Let h(v) = 6*v. Determine h(j).
-6
Let w = 2 + -3. Let q = -15 - -8. Let t(o) = -9*o + 8. Let p(g) = 8*g - 7. Let i(f) = q*p(f) - 6*t(f). Determine i(w).
3
Let j(c) be the second derivative of -1/6*c**3 - 8*c + 0 + 0*c**2 - 1/12*c**4 + 3/10*c**5. What is j(-1)?
-6
Let s(g) = g**2 - 7*g - 5. Let h = -9 + 17. Give s(h).
3
Let f be (-3)/((-18)/26) - (-20)/(-15). Let s(n) = n**3 - 3*n**2 + 2*n - 2. What is s(f)?
4
Let t(i) = -11 + 0*i**3 + 12 - 10*i**3. What is t(-1)?
11
Let d(y) = y**3 + 3*y**2 + y + 3. Let u = -3 + 9. Suppose 0*r - u = 2*r. Give d(r).
0
Let o(c) = 48*c + 12. Let b(h) = -19*h - 5. Let k(z) = -12*b(z) - 5*o(z). Determine k(1).
-12
Let p be (-42)/(-7) - (-2 - -6). Let q(t) be the second derivative of -t**3/6 + 3*t**2/2 - 3*t. What is q(p)?
1
Let f be -5*1/(-5)*4. Let d(k) be the second derivative of k**4/12 - 4*k**3/3 + k**2 - k + 1. Determine d(f).
-14
Let f = 5 + -9. Let g(a) = -a - 6. Give g(f).
-2
Let j(q) be the first derivative of q**4/4 + 5*q**3/3 + q**2/2 + 5. Determine j(-5).
-5
Suppose -2*u = -u - 1. Suppose -m = -0*m - u. Let o(y) = 6*y**2 + 2*y - 1. What is o(m)?
7
Let s = 1 + 2. Suppose -h = s*g - 0*h - 1, 3*g = 3*h + 9. Suppose 2*r + 2*j + g = 17, -4*r + 4 = -3*j. Let c(a) = 3*a - 3. What is c(r)?
9
Let h(x) be the first derivative of x**5/60 + x**4/6 - 2*x**3/3 - 2. Let u(b) be the third derivative of h(b). Suppose -4*i - 16 = -0. What is u(i)?
-4
Let u(i) = i**3 + 3*i**2 - 4*i - 1. Let d(w) = 2*w**3 - 2*w + 2*w**3 - 4*w**2 - 5*w**3. Let s be d(-2). Determine u(s).
-1
Let v(y) = y**3 + y + 1. Let r(d) = -3*d**3 - 8*d**2 + 5*d - 11. Let w(a) = -r(a) - 4*v(a). What is w(7)?
-7
Suppose -k + 5 = -3*d, 0*k + d = -2*k + 10. Let h(j) = -15*j**2 - 15*j - 9. Let t(r) = -8*r**2 - 8*r - 5. Let q(o) = k*h(o) - 9*t(o). Calculate q(-2).
-6
Let w(n) = -n - 1. Suppose -4 = -8*u + 20. What is w(u)?
-4
Let n(f) = -f**3 - 4*f**2 - 3*f - 5. Let h(b) = -3*b - 7. Let k(y) = -4*y - 6. Let q(r) = -6*h(r) + 5*k(r). Let t be q(8). Give n(t).
7
Let v(q) = -q**3 - 3*q**2 + 2*q + 3. Let l be v(-2). Let t be (-3)/(-2 - l) - -3. Let g(b) = -2*b**3 + b**3 + 4*b**2 - 4*b**t. Calculate g(0).
0
Suppose -1 = -f - 0*m + 5*m, -5*f - 2*m = -32. Let p(z) = -z**2 + 6*z - 6. Determine p(f).
-6
Let z(o) = 4*o + 2*o - 6 + 0. Let p(n) = 7*n - 6. Let v be (0 + 4)*21/(-14). Let h(b) = v*z(b) + 5*p(b). Determine h(6).
0
Suppose -l - 17 = -o, -3*o + 2*l - l + 41 = 0. Let i be 297/o - (-2)/8. Suppose -i = 3*m + 2*m. Let c(f) = -f**3 - 5*f**2 + 2*f + 4. Calculate c(m).
-6
Let i(l) = 4*l - 2*l + 0*l - 2 + l. Calculate i(3).
7
Let d = -22 + 24. Let u = -4 + d. Let n(j) = 6*j + 2. Give n(u).
-10
Let f(y) be the third derivative of y**6/120 - y**5/12 - y**4/24 - 2*y**2. Let c be f(5). Let o(j) = 4*j**2 + 3*j**3 - j**3 - 5*j - j**3. What is o(c)?
0
Let t(n) be the second derivative of n**4/12 - n**3/3 + n**2/2 + n. Calculate t(-2).
9
Let j(r) = 2*r + 3. Let f(k) = -3*k - 12. Let o be f(-6). What is j(o)?
15
Let d(l) = 4*l**2 + 9*l - 15*l - l**3 + l**3 + l**3 + 2. Determine d(-5).
7
Let y be (-2)/4 - (-45)/10. Let h(j) = j + 3. What is h(y)?
7
Let s(v) = -v**3 + v**2 + v - 2. Let c(f) = -f**2 - 7*f - 5. Let z be c(-5). Let a(k) = -k**3 - 2. Let o(b) = z*a(b) - 4*s(b). What is o(-3)?
1
Let k(r) = -r**2 - 4*r - 5. Let a be 13/((-65)/30) - -2. What is k(a)?
-5
Let g(v) be the first derivative of -2*v**2 + 6*v - 36. Determine g(6).
-18
Let f(b) = 3*b - 2. Let a(g) = -1 - 3*g + 4*g + 3*g. Let z(h) = 2*a(h) - 3*f(h). Let t = 13 + -8. Calculate z(t).
-1
Let y(n) be the first derivative of n**3/3 + n**2 + n - 1. Suppose 0 = 4*v - q + 91, -3*v = -4*q - 0*q + 52. Let m be v/10 - 10/(-25). Give y(m).
1
Suppose -4*c + 11 + 9 = 0. Suppose 16 = -2*k - 2*y, -2*k - 7 = 4*y - c*y. Let t(r) = r**2 + 7*r. Determine t(k).
-10
Suppose 0 = 9*s - 4*s + 10. Let a(u) = -3*u**3 + u**2 - 4*u + 1. Let j(y) = -y**3 + y**2 - y. Let f(m) = -a(m) + 2*j(m). Give f(s).
-9
Let c be (2/(-4))/(3/18). Let s(p) = 0*p**2 + 6*p - 3*p + p + 2*p**2. Calculate s(c).
6
Let a(y) = -2*y**2 + 2*y - 2. Let h(t) = -13*t**2 + 4*t + 9. Let b(g) = -3*g**2 + g + 2. Let q(i) = -9*b(i) + 2*h(i). Let v be q(2). Calculate a(v).
-6
Let v(t) = -t**3 + 6*t**2 + 7*t - 4. Suppose 2*m - 1 = -5*u + 44, -23 = -4*u + m. Give v(u).
-4
Suppose l = -0*l. Let p = 1 + l. Let i(x) = -10*x**3 + 1 + 0 + 12*x**3. Calculate i(p).
3
Suppose -3*t + 9 = -3*z, 4 = 3*z - 11. Let s(g) = -1 + 5 + 3*g + t*g**2 + g**3 - 3*g**2. Give s(-5).
-11
Let b(y) = -1 - 7 + y**2 - 18*y**3 + 7. Give b(-1).
18
Let t(z) = 3*z - 1. Let n be ((-14)/8)/((-4)/16). Suppose -n*s + 4 = -3*s. Give t(s).
2
Let b(m) = -8*m**2 + 3*m**2 + 4 + m**3 - 2*m - 2*m**3. Let r(j) = -3*j**2 - 2*j - 3. Let w be r(-1). What is b(w)?
-4
Suppose 3*q - 88 = 158. Let w(n) = -n - n + 74 - q. Let v(g) = -g**2 - 3*g + 4. Let c be v(-5). Give w(c).
4
Let j be (-3)/(2 - (-28)/(-8)). Let n(u) = 7*u + 0*u - 2*u - j - u. Determine n(3).
10
Let m(b) be the second derivative of b**8/3360 + b**7/840 + b**6/240 + b**5/60 + b**4/12 + 5*b. Let s(d) be the third derivative of m(d). Determine s(-2).
-8
Let v(j) = -4*j**2 + 1 - 3*j**3 - j - j + j**3. Suppose 0 = -2*p + 4*p - 4. Suppose -4*b = -p*z - 0*z, b + 9 = -4*z. Calculate 